{"id":52,"date":"2025-03-14T17:08:12","date_gmt":"2025-03-14T16:08:12","guid":{"rendered":"https:\/\/ucbmacademy.unicampus.it\/summer-school-artificial-intelligence\/?page_id=52"},"modified":"2026-01-29T17:10:07","modified_gmt":"2026-01-29T16:10:07","slug":"programme-committee","status":"publish","type":"page","link":"https:\/\/ucbmacademy.unicampus.it\/summer-school-artificial-intelligence\/programme-committee\/","title":{"rendered":"Programme Committee"},"content":{"rendered":"\t\t<div data-elementor-type=\"wp-page\" data-elementor-id=\"52\" class=\"elementor elementor-52\" data-elementor-post-type=\"page\">\n\t\t\t\t\t\t<section class=\"elementor-section elementor-top-section elementor-element elementor-element-a85b80b elementor-section-boxed elementor-section-height-default elementor-section-height-default\" data-id=\"a85b80b\" data-element_type=\"section\" data-e-type=\"section\" data-settings=\"{&quot;background_background&quot;:&quot;classic&quot;}\">\n\t\t\t\t\t\t\t<div class=\"elementor-background-overlay\"><\/div>\n\t\t\t\t\t\t\t<div class=\"elementor-container elementor-column-gap-default\">\n\t\t\t\t\t<div class=\"elementor-column elementor-col-100 elementor-top-column elementor-element elementor-element-68aa589\" data-id=\"68aa589\" data-element_type=\"column\" data-e-type=\"column\">\n\t\t\t<div class=\"elementor-widget-wrap elementor-element-populated\">\n\t\t\t\t\t\t<div class=\"elementor-element elementor-element-17105fa elementor-widget elementor-widget-heading\" data-id=\"17105fa\" data-element_type=\"widget\" data-e-type=\"widget\" data-widget_type=\"heading.default\">\n\t\t\t\t<div class=\"elementor-widget-container\">\n\t\t\t\t\t<h2 class=\"elementor-heading-title elementor-size-default\">Programme Committee<\/h2>\t\t\t\t<\/div>\n\t\t\t\t<\/div>\n\t\t\t\t<div class=\"elementor-element elementor-element-5435a65 elementor-widget-divider--view-line elementor-widget elementor-widget-divider\" data-id=\"5435a65\" data-element_type=\"widget\" data-e-type=\"widget\" data-widget_type=\"divider.default\">\n\t\t\t\t<div class=\"elementor-widget-container\">\n\t\t\t\t\t\t\t<div class=\"elementor-divider\">\n\t\t\t<span class=\"elementor-divider-separator\">\n\t\t\t\t\t\t<\/span>\n\t\t<\/div>\n\t\t\t\t\t\t<\/div>\n\t\t\t\t<\/div>\n\t\t\t\t\t<\/div>\n\t\t<\/div>\n\t\t\t\t\t<\/div>\n\t\t<\/section>\n\t\t\t\t<section class=\"elementor-section elementor-top-section elementor-element elementor-element-14e4fa2 elementor-section-boxed elementor-section-height-default elementor-section-height-default\" data-id=\"14e4fa2\" data-element_type=\"section\" data-e-type=\"section\" data-settings=\"{&quot;background_background&quot;:&quot;classic&quot;}\">\n\t\t\t\t\t\t<div class=\"elementor-container elementor-column-gap-default\">\n\t\t\t\t\t<div class=\"elementor-column elementor-col-50 elementor-top-column elementor-element elementor-element-e60f894\" data-id=\"e60f894\" data-element_type=\"column\" data-e-type=\"column\">\n\t\t\t<div class=\"elementor-widget-wrap elementor-element-populated\">\n\t\t\t\t\t\t<div class=\"elementor-element elementor-element-cd87be7 elementor-widget elementor-widget-text-editor\" data-id=\"cd87be7\" data-element_type=\"widget\" data-e-type=\"widget\" data-widget_type=\"text-editor.default\">\n\t\t\t\t<div class=\"elementor-widget-container\">\n\t\t\t\t\t\t\t\t\t<p class=\"zfr3Q CDt4Ke \" dir=\"ltr\"><span class=\"C9DxTc \">The program committee is composed of members from Italian universities and research institutes and was established through the<span style=\"text-decoration: underline;\"><strong>\u00a0<\/strong><\/span><\/span><span style=\"text-decoration: underline;\"><strong><a href=\"https:\/\/www.phd-ai.it\/en\/ai-health-and-life-sciences\/\"><span class=\"C9DxTc aw5Odc \">Italian National PhD in Artificial Intelligence<\/span><span class=\"C9DxTc aw5Odc \">\u00a0in Health and Life Sciences<\/span><\/a><\/strong><\/span><span class=\"C9DxTc \">.<\/span><\/p><p class=\"zfr3Q CDt4Ke \" dir=\"ltr\"><span class=\"C9DxTc \">It consists of:<\/span><\/p><ul class=\"n8H08c UVNKR \"><li class=\"zfr3Q TYR86d eD0Rn \" dir=\"ltr\"><p class=\"zfr3Q CDt4Ke \" dir=\"ltr\" role=\"presentation\"><span class=\"C9DxTc \">prof. Mario Cannataro (Universit\u00e0 &#8220;Magna Gr\u00e6cia&#8221; di Catanzaro)<\/span><\/p><\/li><li class=\"zfr3Q TYR86d eD0Rn \" dir=\"ltr\"><p class=\"zfr3Q CDt4Ke \" dir=\"ltr\" role=\"presentation\"><span class=\"C9DxTc \">prof. Antonio Celesti (Universit\u00e0 di Messina)<\/span><\/p><\/li><li class=\"zfr3Q TYR86d eD0Rn \" dir=\"ltr\"><p class=\"zfr3Q CDt4Ke \" dir=\"ltr\" role=\"presentation\"><span class=\"C9DxTc \">prof. Beniamino Di Martino (Universit\u00e0 della Campania &#8220;Luigi Vanvitelli&#8221;)<\/span><\/p><\/li><li class=\"zfr3Q TYR86d eD0Rn \" dir=\"ltr\"><p class=\"zfr3Q CDt4Ke \" dir=\"ltr\" role=\"presentation\"><span class=\"C9DxTc \">prof. Stefano Diciotti (Universit\u00e0 di Bologna)<\/span><\/p><\/li><li class=\"zfr3Q TYR86d eD0Rn \" dir=\"ltr\"><p class=\"zfr3Q CDt4Ke \" dir=\"ltr\" role=\"presentation\"><span class=\"C9DxTc \">prof. Stefano Giagu (Sapienza Universit\u00e0 di Roma)<\/span><\/p><\/li><li class=\"zfr3Q TYR86d eD0Rn \" dir=\"ltr\"><p class=\"zfr3Q CDt4Ke \" dir=\"ltr\" role=\"presentation\"><span class=\"C9DxTc \">dott. Valerio Guarrasi (Universit\u00e0 Campus Bio-Medico di Roma)<\/span><\/p><\/li><li class=\"zfr3Q TYR86d eD0Rn \" dir=\"ltr\"><p class=\"zfr3Q CDt4Ke \" dir=\"ltr\" role=\"presentation\"><span class=\"C9DxTc \">prof. Fiorella Gurrieri (Universit\u00e0 Campus Bio-Medico di Roma)<\/span><\/p><\/li><li class=\"zfr3Q TYR86d eD0Rn \" dir=\"ltr\"><p class=\"zfr3Q CDt4Ke \" dir=\"ltr\" role=\"presentation\"><span class=\"C9DxTc \">prof. Pietro Hiram Guzzi (Universit\u00e0 &#8220;Magna Gr\u00e6cia&#8221; di Catanzaro)<\/span><\/p><\/li><li class=\"zfr3Q TYR86d eD0Rn \" dir=\"ltr\"><p class=\"zfr3Q CDt4Ke \" dir=\"ltr\" role=\"presentation\"><span class=\"C9DxTc \">prof. Donato Impedovo (Universit\u00e0 di Bari Aldo Moro)<\/span><\/p><\/li><li class=\"zfr3Q TYR86d eD0Rn \" dir=\"ltr\"><p class=\"zfr3Q CDt4Ke \" dir=\"ltr\" role=\"presentation\"><span class=\"C9DxTc \">prof. Francesco Carlo Morabito (Universit\u00e0 di Reggio Calabria)<\/span><\/p><\/li><li class=\"zfr3Q TYR86d eD0Rn \" dir=\"ltr\"><p class=\"zfr3Q CDt4Ke \" dir=\"ltr\" role=\"presentation\"><span class=\"C9DxTc \">dott. Enea Parimbelli (Universit\u00e0 di Pavia)<\/span><\/p><\/li><li class=\"zfr3Q TYR86d eD0Rn \" dir=\"ltr\"><p class=\"zfr3Q CDt4Ke \" dir=\"ltr\" role=\"presentation\"><span class=\"C9DxTc \">prof. Giulio Pergola (Universit\u00e0 di Bari)<\/span><\/p><\/li><li class=\"zfr3Q TYR86d eD0Rn \" dir=\"ltr\"><p class=\"zfr3Q CDt4Ke \" dir=\"ltr\" role=\"presentation\"><span class=\"C9DxTc \">prof. Anna Pichiecchio (Universit\u00e0 di Pavia)<\/span><\/p><\/li><li class=\"zfr3Q TYR86d eD0Rn \" dir=\"ltr\"><p class=\"zfr3Q CDt4Ke \" dir=\"ltr\" role=\"presentation\"><span class=\"C9DxTc \">dott. Giovanni Pioggia (CNR IRIB)<\/span><\/p><\/li><li class=\"zfr3Q TYR86d eD0Rn \" dir=\"ltr\"><p class=\"zfr3Q CDt4Ke \" dir=\"ltr\" role=\"presentation\"><span class=\"C9DxTc \">prof. Paolo Provero (Universit\u00e0 di Torino)<\/span><\/p><\/li><li class=\"zfr3Q TYR86d eD0Rn \" dir=\"ltr\"><p class=\"zfr3Q CDt4Ke \" dir=\"ltr\" role=\"presentation\"><span class=\"C9DxTc \">prof. Paolo Soda (Universit\u00e0 Campus Bio-Medico di Roma)<\/span><\/p><\/li><li class=\"zfr3Q TYR86d eD0Rn \" dir=\"ltr\"><p class=\"zfr3Q CDt4Ke \" dir=\"ltr\" role=\"presentation\"><span class=\"C9DxTc \">prof. Victor Tambone (Universit\u00e0 Campus Bio-Medico di Roma)<\/span><\/p><\/li><li class=\"zfr3Q TYR86d eD0Rn \" dir=\"ltr\"><p class=\"zfr3Q CDt4Ke \" dir=\"ltr\" role=\"presentation\"><span class=\"C9DxTc \">prof. Nicola Toschi (Universit\u00e0 di Roma Tor Vergata)<\/span><\/p><\/li><li class=\"zfr3Q TYR86d eD0Rn \" dir=\"ltr\"><p class=\"zfr3Q CDt4Ke \" dir=\"ltr\" role=\"presentation\"><span class=\"C9DxTc \">prof. Marcello Vasta (Universit\u00e0 di Chieti-Pescara)<\/span><\/p><\/li><\/ul>\t\t\t\t\t\t\t\t<\/div>\n\t\t\t\t<\/div>\n\t\t\t\t\t<\/div>\n\t\t<\/div>\n\t\t\t\t<div class=\"elementor-column elementor-col-50 elementor-top-column elementor-element elementor-element-9452497\" data-id=\"9452497\" data-element_type=\"column\" data-e-type=\"column\">\n\t\t\t<div class=\"elementor-widget-wrap elementor-element-populated\">\n\t\t\t\t\t\t<div class=\"elementor-element elementor-element-0dbf7ea elementor-widget elementor-widget-image\" data-id=\"0dbf7ea\" data-element_type=\"widget\" data-e-type=\"widget\" data-widget_type=\"image.default\">\n\t\t\t\t<div class=\"elementor-widget-container\">\n\t\t\t\t\t\t\t\t\t\t\t\t\t\t\t<img fetchpriority=\"high\" decoding=\"async\" width=\"500\" height=\"500\" src=\"https:\/\/ucbmacademy.unicampus.it\/summer-school-artificial-intelligence\/wp-content\/uploads\/sites\/2\/2025\/03\/logo-italiee.png\" class=\"attachment-large size-large wp-image-80\" alt=\"\" srcset=\"https:\/\/ucbmacademy.unicampus.it\/summer-school-artificial-intelligence\/wp-content\/uploads\/sites\/2\/2025\/03\/logo-italiee.png 500w, https:\/\/ucbmacademy.unicampus.it\/summer-school-artificial-intelligence\/wp-content\/uploads\/sites\/2\/2025\/03\/logo-italiee-300x300.png 300w, https:\/\/ucbmacademy.unicampus.it\/summer-school-artificial-intelligence\/wp-content\/uploads\/sites\/2\/2025\/03\/logo-italiee-150x150.png 150w\" sizes=\"(max-width: 500px) 100vw, 500px\" \/>\t\t\t\t\t\t\t\t\t\t\t\t\t\t\t<\/div>\n\t\t\t\t<\/div>\n\t\t\t\t<div class=\"elementor-element elementor-element-da74528 elementor-widget elementor-widget-image\" data-id=\"da74528\" data-element_type=\"widget\" data-e-type=\"widget\" data-widget_type=\"image.default\">\n\t\t\t\t<div class=\"elementor-widget-container\">\n\t\t\t\t\t\t\t\t\t\t\t\t\t\t\t<img decoding=\"async\" width=\"1\" height=\"1\" src=\"https:\/\/ucbmacademy.unicampus.it\/summer-school-artificial-intelligence\/wp-content\/uploads\/sites\/2\/2025\/03\/logo_UCBM_icon.svg\" class=\"attachment-large size-large wp-image-61\" alt=\"\" \/>\t\t\t\t\t\t\t\t\t\t\t\t\t\t\t<\/div>\n\t\t\t\t<\/div>\n\t\t\t\t\t<\/div>\n\t\t<\/div>\n\t\t\t\t\t<\/div>\n\t\t<\/section>\n\t\t\t\t<section class=\"elementor-section elementor-top-section elementor-element elementor-element-d301f86 elementor-reverse-tablet elementor-reverse-mobile elementor-section-boxed elementor-section-height-default elementor-section-height-default\" data-id=\"d301f86\" data-element_type=\"section\" data-e-type=\"section\" data-settings=\"{&quot;background_background&quot;:&quot;classic&quot;}\">\n\t\t\t\t\t\t<div class=\"elementor-container elementor-column-gap-default\">\n\t\t\t\t\t<div class=\"elementor-column elementor-col-100 elementor-top-column elementor-element elementor-element-fd7ff54\" data-id=\"fd7ff54\" data-element_type=\"column\" data-e-type=\"column\">\n\t\t\t<div class=\"elementor-widget-wrap elementor-element-populated\">\n\t\t\t\t\t\t<div class=\"elementor-element elementor-element-0afa744 elementor-widget-divider--view-line elementor-widget elementor-widget-divider\" data-id=\"0afa744\" data-element_type=\"widget\" data-e-type=\"widget\" data-widget_type=\"divider.default\">\n\t\t\t\t<div class=\"elementor-widget-container\">\n\t\t\t\t\t\t\t<div class=\"elementor-divider\">\n\t\t\t<span class=\"elementor-divider-separator\">\n\t\t\t\t\t\t<\/span>\n\t\t<\/div>\n\t\t\t\t\t\t<\/div>\n\t\t\t\t<\/div>\n\t\t\t\t<div class=\"elementor-element elementor-element-0d6a37f elementor-align-center elementor-widget elementor-widget-button\" data-id=\"0d6a37f\" data-element_type=\"widget\" data-e-type=\"widget\" data-widget_type=\"button.default\">\n\t\t\t\t<div class=\"elementor-widget-container\">\n\t\t\t\t\t\t\t\t\t<div class=\"elementor-button-wrapper\">\n\t\t\t\t\t<a class=\"elementor-button elementor-button-link elementor-size-sm\" href=\"https:\/\/ucbmacademy.unicampus.it\/prodotto\/ital-ia-2026-summer-school-on-artificial-intelligence-in-health-and-life-sciences-2026\/\">\n\t\t\t\t\t\t<span class=\"elementor-button-content-wrapper\">\n\t\t\t\t\t\t\t\t\t<span class=\"elementor-button-text\">Register Now<\/span>\n\t\t\t\t\t<\/span>\n\t\t\t\t\t<\/a>\n\t\t\t\t<\/div>\n\t\t\t\t\t\t\t\t<\/div>\n\t\t\t\t<\/div>\n\t\t\t\t<div class=\"elementor-element elementor-element-1c77f83 elementor-widget-divider--view-line elementor-widget elementor-widget-divider\" data-id=\"1c77f83\" data-element_type=\"widget\" data-e-type=\"widget\" data-widget_type=\"divider.default\">\n\t\t\t\t<div class=\"elementor-widget-container\">\n\t\t\t\t\t\t\t<div class=\"elementor-divider\">\n\t\t\t<span class=\"elementor-divider-separator\">\n\t\t\t\t\t\t<\/span>\n\t\t<\/div>\n\t\t\t\t\t\t<\/div>\n\t\t\t\t<\/div>\n\t\t\t\t\t<\/div>\n\t\t<\/div>\n\t\t\t\t\t<\/div>\n\t\t<\/section>\n\t\t\t\t<\/div>\n\t\t","protected":false},"excerpt":{"rendered":"<p>Programme Committee The program committee is composed of members from Italian universities and research institutes and was established through the\u00a0Italian National PhD in Artificial Intelligence\u00a0in Health and Life Sciences. It consists of: prof. Mario Cannataro (Universit\u00e0 &#8220;Magna Gr\u00e6cia&#8221; di Catanzaro) prof. Antonio Celesti (Universit\u00e0 di Messina) prof. Beniamino Di Martino (Universit\u00e0 della Campania &#8220;Luigi Vanvitelli&#8221;) [&hellip;]<\/p>\n","protected":false},"author":3,"featured_media":0,"parent":0,"menu_order":0,"comment_status":"closed","ping_status":"closed","template":"","meta":{"footnotes":""},"class_list":["post-52","page","type-page","status-publish","hentry"],"yoast_head":"<!-- This site is optimized with the Yoast SEO plugin v27.4 - https:\/\/yoast.com\/product\/yoast-seo-wordpress\/ -->\n<title>Comitato Scientifico | Summer School on Artificial Intelligence | UCBM Academy<\/title>\n<meta name=\"description\" content=\"Scopri i membri del comitato scientifico della Summer School di UCBM Academy: esperti internazionali in intelligenza artificiale applicata alla sanit\u00e0 e alle scienze della vita.\" \/>\n<meta name=\"robots\" content=\"index, follow, max-snippet:-1, max-image-preview:large, max-video-preview:-1\" \/>\n<link rel=\"canonical\" href=\"https:\/\/ucbmacademy.unicampus.it\/summer-school-artificial-intelligence\/programme-committee\/\" \/>\n<meta property=\"og:locale\" content=\"it_IT\" \/>\n<meta property=\"og:type\" content=\"article\" \/>\n<meta property=\"og:title\" content=\"Comitato Scientifico | Summer School on Artificial Intelligence | UCBM Academy\" \/>\n<meta property=\"og:description\" content=\"Scopri i membri del comitato scientifico della Summer School di UCBM Academy: esperti internazionali in intelligenza artificiale applicata alla sanit\u00e0 e alle scienze della vita.\" \/>\n<meta property=\"og:url\" content=\"https:\/\/ucbmacademy.unicampus.it\/summer-school-artificial-intelligence\/programme-committee\/\" \/>\n<meta property=\"og:site_name\" content=\"Summer School on Artificial Intelligence\" \/>\n<meta property=\"article:modified_time\" content=\"2026-01-29T16:10:07+00:00\" \/>\n<meta property=\"og:image\" content=\"https:\/\/ucbmacademy.unicampus.it\/summer-school-artificial-intelligence\/wp-content\/uploads\/sites\/2\/2025\/03\/logo-italiee.png\" \/>\n\t<meta property=\"og:image:width\" content=\"500\" \/>\n\t<meta property=\"og:image:height\" content=\"500\" \/>\n\t<meta property=\"og:image:type\" content=\"image\/png\" \/>\n<meta name=\"twitter:card\" content=\"summary_large_image\" \/>\n<meta name=\"twitter:label1\" content=\"Tempo di lettura stimato\" \/>\n\t<meta name=\"twitter:data1\" content=\"2 minuti\" \/>\n<script type=\"application\/ld+json\" class=\"yoast-schema-graph\">{\"@context\":\"https:\\\/\\\/schema.org\",\"@graph\":[{\"@type\":\"WebPage\",\"@id\":\"https:\\\/\\\/ucbmacademy.unicampus.it\\\/summer-school-artificial-intelligence\\\/programme-committee\\\/\",\"url\":\"https:\\\/\\\/ucbmacademy.unicampus.it\\\/summer-school-artificial-intelligence\\\/programme-committee\\\/\",\"name\":\"Comitato Scientifico | Summer School on Artificial Intelligence | UCBM Academy\",\"isPartOf\":{\"@id\":\"https:\\\/\\\/ucbmacademy.unicampus.it\\\/summer-school-artificial-intelligence\\\/#website\"},\"primaryImageOfPage\":{\"@id\":\"https:\\\/\\\/ucbmacademy.unicampus.it\\\/summer-school-artificial-intelligence\\\/programme-committee\\\/#primaryimage\"},\"image\":{\"@id\":\"https:\\\/\\\/ucbmacademy.unicampus.it\\\/summer-school-artificial-intelligence\\\/programme-committee\\\/#primaryimage\"},\"thumbnailUrl\":\"https:\\\/\\\/ucbmacademy.unicampus.it\\\/summer-school-artificial-intelligence\\\/wp-content\\\/uploads\\\/sites\\\/2\\\/2025\\\/03\\\/logo-italiee.png\",\"datePublished\":\"2025-03-14T16:08:12+00:00\",\"dateModified\":\"2026-01-29T16:10:07+00:00\",\"description\":\"Scopri i membri del comitato scientifico della Summer School di UCBM Academy: esperti internazionali in intelligenza artificiale applicata alla sanit\u00e0 e alle scienze della vita.\",\"breadcrumb\":{\"@id\":\"https:\\\/\\\/ucbmacademy.unicampus.it\\\/summer-school-artificial-intelligence\\\/programme-committee\\\/#breadcrumb\"},\"inLanguage\":\"it-IT\",\"potentialAction\":[{\"@type\":\"ReadAction\",\"target\":[\"https:\\\/\\\/ucbmacademy.unicampus.it\\\/summer-school-artificial-intelligence\\\/programme-committee\\\/\"]}]},{\"@type\":\"ImageObject\",\"inLanguage\":\"it-IT\",\"@id\":\"https:\\\/\\\/ucbmacademy.unicampus.it\\\/summer-school-artificial-intelligence\\\/programme-committee\\\/#primaryimage\",\"url\":\"https:\\\/\\\/ucbmacademy.unicampus.it\\\/summer-school-artificial-intelligence\\\/wp-content\\\/uploads\\\/sites\\\/2\\\/2025\\\/03\\\/logo-italiee.png\",\"contentUrl\":\"https:\\\/\\\/ucbmacademy.unicampus.it\\\/summer-school-artificial-intelligence\\\/wp-content\\\/uploads\\\/sites\\\/2\\\/2025\\\/03\\\/logo-italiee.png\",\"width\":500,\"height\":500},{\"@type\":\"BreadcrumbList\",\"@id\":\"https:\\\/\\\/ucbmacademy.unicampus.it\\\/summer-school-artificial-intelligence\\\/programme-committee\\\/#breadcrumb\",\"itemListElement\":[{\"@type\":\"ListItem\",\"position\":1,\"name\":\"Home\",\"item\":\"https:\\\/\\\/ucbmacademy.unicampus.it\\\/summer-school-artificial-intelligence\\\/\"},{\"@type\":\"ListItem\",\"position\":2,\"name\":\"Programme Committee\"}]},{\"@type\":\"WebSite\",\"@id\":\"https:\\\/\\\/ucbmacademy.unicampus.it\\\/summer-school-artificial-intelligence\\\/#website\",\"url\":\"https:\\\/\\\/ucbmacademy.unicampus.it\\\/summer-school-artificial-intelligence\\\/\",\"name\":\"Summer School on Artificial Intelligence\",\"description\":\"\",\"publisher\":{\"@id\":\"https:\\\/\\\/ucbmacademy.unicampus.it\\\/summer-school-artificial-intelligence\\\/#organization\"},\"potentialAction\":[{\"@type\":\"SearchAction\",\"target\":{\"@type\":\"EntryPoint\",\"urlTemplate\":\"https:\\\/\\\/ucbmacademy.unicampus.it\\\/summer-school-artificial-intelligence\\\/?s={search_term_string}\"},\"query-input\":{\"@type\":\"PropertyValueSpecification\",\"valueRequired\":true,\"valueName\":\"search_term_string\"}}],\"inLanguage\":\"it-IT\"},{\"@type\":\"Organization\",\"@id\":\"https:\\\/\\\/ucbmacademy.unicampus.it\\\/summer-school-artificial-intelligence\\\/#organization\",\"name\":\"Summer School on Artificial Intelligence\",\"url\":\"https:\\\/\\\/ucbmacademy.unicampus.it\\\/summer-school-artificial-intelligence\\\/\",\"logo\":{\"@type\":\"ImageObject\",\"inLanguage\":\"it-IT\",\"@id\":\"https:\\\/\\\/ucbmacademy.unicampus.it\\\/summer-school-artificial-intelligence\\\/#\\\/schema\\\/logo\\\/image\\\/\",\"url\":\"https:\\\/\\\/ucbmacademy.unicampus.it\\\/summer-school-artificial-intelligence\\\/wp-content\\\/uploads\\\/sites\\\/2\\\/2025\\\/03\\\/logo.png\",\"contentUrl\":\"https:\\\/\\\/ucbmacademy.unicampus.it\\\/summer-school-artificial-intelligence\\\/wp-content\\\/uploads\\\/sites\\\/2\\\/2025\\\/03\\\/logo.png\",\"width\":1280,\"height\":385,\"caption\":\"Summer School on Artificial Intelligence\"},\"image\":{\"@id\":\"https:\\\/\\\/ucbmacademy.unicampus.it\\\/summer-school-artificial-intelligence\\\/#\\\/schema\\\/logo\\\/image\\\/\"}}]}<\/script>\n<!-- \/ Yoast SEO plugin. -->","yoast_head_json":{"title":"Comitato Scientifico | Summer School on Artificial Intelligence | UCBM Academy","description":"Scopri i membri del comitato scientifico della Summer School di UCBM Academy: esperti internazionali in intelligenza artificiale applicata alla sanit\u00e0 e alle scienze della vita.","robots":{"index":"index","follow":"follow","max-snippet":"max-snippet:-1","max-image-preview":"max-image-preview:large","max-video-preview":"max-video-preview:-1"},"canonical":"https:\/\/ucbmacademy.unicampus.it\/summer-school-artificial-intelligence\/programme-committee\/","og_locale":"it_IT","og_type":"article","og_title":"Comitato Scientifico | Summer School on Artificial Intelligence | UCBM Academy","og_description":"Scopri i membri del comitato scientifico della Summer School di UCBM Academy: esperti internazionali in intelligenza artificiale applicata alla sanit\u00e0 e alle scienze della vita.","og_url":"https:\/\/ucbmacademy.unicampus.it\/summer-school-artificial-intelligence\/programme-committee\/","og_site_name":"Summer School on Artificial Intelligence","article_modified_time":"2026-01-29T16:10:07+00:00","og_image":[{"width":500,"height":500,"url":"https:\/\/ucbmacademy.unicampus.it\/summer-school-artificial-intelligence\/wp-content\/uploads\/sites\/2\/2025\/03\/logo-italiee.png","type":"image\/png"}],"twitter_card":"summary_large_image","twitter_misc":{"Tempo di lettura stimato":"2 minuti"},"schema":{"@context":"https:\/\/schema.org","@graph":[{"@type":"WebPage","@id":"https:\/\/ucbmacademy.unicampus.it\/summer-school-artificial-intelligence\/programme-committee\/","url":"https:\/\/ucbmacademy.unicampus.it\/summer-school-artificial-intelligence\/programme-committee\/","name":"Comitato Scientifico | Summer School on Artificial Intelligence | UCBM Academy","isPartOf":{"@id":"https:\/\/ucbmacademy.unicampus.it\/summer-school-artificial-intelligence\/#website"},"primaryImageOfPage":{"@id":"https:\/\/ucbmacademy.unicampus.it\/summer-school-artificial-intelligence\/programme-committee\/#primaryimage"},"image":{"@id":"https:\/\/ucbmacademy.unicampus.it\/summer-school-artificial-intelligence\/programme-committee\/#primaryimage"},"thumbnailUrl":"https:\/\/ucbmacademy.unicampus.it\/summer-school-artificial-intelligence\/wp-content\/uploads\/sites\/2\/2025\/03\/logo-italiee.png","datePublished":"2025-03-14T16:08:12+00:00","dateModified":"2026-01-29T16:10:07+00:00","description":"Scopri i membri del comitato scientifico della Summer School di UCBM Academy: esperti internazionali in intelligenza artificiale applicata alla sanit\u00e0 e alle scienze della vita.","breadcrumb":{"@id":"https:\/\/ucbmacademy.unicampus.it\/summer-school-artificial-intelligence\/programme-committee\/#breadcrumb"},"inLanguage":"it-IT","potentialAction":[{"@type":"ReadAction","target":["https:\/\/ucbmacademy.unicampus.it\/summer-school-artificial-intelligence\/programme-committee\/"]}]},{"@type":"ImageObject","inLanguage":"it-IT","@id":"https:\/\/ucbmacademy.unicampus.it\/summer-school-artificial-intelligence\/programme-committee\/#primaryimage","url":"https:\/\/ucbmacademy.unicampus.it\/summer-school-artificial-intelligence\/wp-content\/uploads\/sites\/2\/2025\/03\/logo-italiee.png","contentUrl":"https:\/\/ucbmacademy.unicampus.it\/summer-school-artificial-intelligence\/wp-content\/uploads\/sites\/2\/2025\/03\/logo-italiee.png","width":500,"height":500},{"@type":"BreadcrumbList","@id":"https:\/\/ucbmacademy.unicampus.it\/summer-school-artificial-intelligence\/programme-committee\/#breadcrumb","itemListElement":[{"@type":"ListItem","position":1,"name":"Home","item":"https:\/\/ucbmacademy.unicampus.it\/summer-school-artificial-intelligence\/"},{"@type":"ListItem","position":2,"name":"Programme Committee"}]},{"@type":"WebSite","@id":"https:\/\/ucbmacademy.unicampus.it\/summer-school-artificial-intelligence\/#website","url":"https:\/\/ucbmacademy.unicampus.it\/summer-school-artificial-intelligence\/","name":"Summer School on Artificial Intelligence","description":"","publisher":{"@id":"https:\/\/ucbmacademy.unicampus.it\/summer-school-artificial-intelligence\/#organization"},"potentialAction":[{"@type":"SearchAction","target":{"@type":"EntryPoint","urlTemplate":"https:\/\/ucbmacademy.unicampus.it\/summer-school-artificial-intelligence\/?s={search_term_string}"},"query-input":{"@type":"PropertyValueSpecification","valueRequired":true,"valueName":"search_term_string"}}],"inLanguage":"it-IT"},{"@type":"Organization","@id":"https:\/\/ucbmacademy.unicampus.it\/summer-school-artificial-intelligence\/#organization","name":"Summer School on Artificial Intelligence","url":"https:\/\/ucbmacademy.unicampus.it\/summer-school-artificial-intelligence\/","logo":{"@type":"ImageObject","inLanguage":"it-IT","@id":"https:\/\/ucbmacademy.unicampus.it\/summer-school-artificial-intelligence\/#\/schema\/logo\/image\/","url":"https:\/\/ucbmacademy.unicampus.it\/summer-school-artificial-intelligence\/wp-content\/uploads\/sites\/2\/2025\/03\/logo.png","contentUrl":"https:\/\/ucbmacademy.unicampus.it\/summer-school-artificial-intelligence\/wp-content\/uploads\/sites\/2\/2025\/03\/logo.png","width":1280,"height":385,"caption":"Summer School on Artificial Intelligence"},"image":{"@id":"https:\/\/ucbmacademy.unicampus.it\/summer-school-artificial-intelligence\/#\/schema\/logo\/image\/"}}]}},"_links":{"self":[{"href":"https:\/\/ucbmacademy.unicampus.it\/summer-school-artificial-intelligence\/wp-json\/wp\/v2\/pages\/52","targetHints":{"allow":["GET"]}}],"collection":[{"href":"https:\/\/ucbmacademy.unicampus.it\/summer-school-artificial-intelligence\/wp-json\/wp\/v2\/pages"}],"about":[{"href":"https:\/\/ucbmacademy.unicampus.it\/summer-school-artificial-intelligence\/wp-json\/wp\/v2\/types\/page"}],"author":[{"embeddable":true,"href":"https:\/\/ucbmacademy.unicampus.it\/summer-school-artificial-intelligence\/wp-json\/wp\/v2\/users\/3"}],"replies":[{"embeddable":true,"href":"https:\/\/ucbmacademy.unicampus.it\/summer-school-artificial-intelligence\/wp-json\/wp\/v2\/comments?post=52"}],"version-history":[{"count":10,"href":"https:\/\/ucbmacademy.unicampus.it\/summer-school-artificial-intelligence\/wp-json\/wp\/v2\/pages\/52\/revisions"}],"predecessor-version":[{"id":384,"href":"https:\/\/ucbmacademy.unicampus.it\/summer-school-artificial-intelligence\/wp-json\/wp\/v2\/pages\/52\/revisions\/384"}],"wp:attachment":[{"href":"https:\/\/ucbmacademy.unicampus.it\/summer-school-artificial-intelligence\/wp-json\/wp\/v2\/media?parent=52"}],"curies":[{"name":"wp","href":"https:\/\/api.w.org\/{rel}","templated":true}]}}